{"id":3787,"date":"2024-01-03T16:42:14","date_gmt":"2024-01-03T15:42:14","guid":{"rendered":"https:\/\/taybahdev.digit-dev.com\/?post_type=events&#038;p=3787"},"modified":"2024-02-06T14:26:34","modified_gmt":"2024-02-06T13:26:34","slug":"journee-de-levacuation-en-tunisie","status":"publish","type":"events","link":"https:\/\/www.taybah.tn\/ar\/eventsslug\/\u064a\u0648\u0645-\u0627\u0644\u062c\u0644\u0627\u0621-\u0641\u064a-\u062a\u0648\u0646\u0633\/","title":{"rendered":"\u0639\u064a\u062f \u0627\u0644\u062c\u0644\u0627\u0621 \u0641\u064a \u062a\u0648\u0646\u0633"},"content":{"rendered":"","protected":false},"excerpt":{"rendered":"<p>Cette journ\u00e9e marque des \u00e9v\u00e9nements historiques li\u00e9s \u00e0 l&#8217;\u00e9vacuation du dernier soldat fran\u00e7ais de la Tunisie &#8230;<\/p>","protected":false},"featured_media":4135,"parent":0,"template":"","eventsslug":[],"class_list":["post-3787","events","type-events","status-publish","has-post-thumbnail","hentry"],"yoast_head":"<!-- This site is optimized with the Yoast SEO plugin v26.9 - https:\/\/yoast.com\/product\/yoast-seo-wordpress\/ -->\n<title>Journ\u00e9e de l&#039;\u00e9vacuation en Tunisie - TAYBAH<\/title>\n<meta name=\"robots\" content=\"index, follow, max-snippet:-1, max-image-preview:large, max-video-preview:-1\" \/>\n<link rel=\"canonical\" href=\"https:\/\/www.taybah.tn\/ar\/eventsslug\/\u064a\u0648\u0645-\u0627\u0644\u062c\u0644\u0627\u0621-\u0641\u064a-\u062a\u0648\u0646\u0633\/\" \/>\n<meta property=\"og:locale\" content=\"ar_AR\" \/>\n<meta property=\"og:type\" content=\"article\" \/>\n<meta property=\"og:title\" content=\"Journ\u00e9e de l&#039;\u00e9vacuation en Tunisie - TAYBAH\" \/>\n<meta property=\"og:description\" content=\"Cette journ\u00e9e marque des \u00e9v\u00e9nements historiques li\u00e9s \u00e0 l&#039;\u00e9vacuation du dernier soldat fran\u00e7ais de la Tunisie ...\" \/>\n<meta property=\"og:url\" content=\"https:\/\/www.taybah.tn\/ar\/eventsslug\/\u064a\u0648\u0645-\u0627\u0644\u062c\u0644\u0627\u0621-\u0641\u064a-\u062a\u0648\u0646\u0633\/\" \/>\n<meta property=\"og:site_name\" content=\"TAYBAH\" \/>\n<meta property=\"article:modified_time\" content=\"2024-02-06T13:26:34+00:00\" \/>\n<meta property=\"og:image\" content=\"https:\/\/www.taybah.tn\/wp-content\/uploads\/2024\/01\/j-evacuation-en-tunisie-2.jpg\" \/>\n\t<meta property=\"og:image:width\" content=\"947\" \/>\n\t<meta property=\"og:image:height\" content=\"706\" \/>\n\t<meta property=\"og:image:type\" content=\"image\/jpeg\" \/>\n<meta name=\"twitter:card\" content=\"summary_large_image\" \/>\n<script type=\"application\/ld+json\" class=\"yoast-schema-graph\">{\"@context\":\"https:\/\/schema.org\",\"@graph\":[{\"@type\":\"WebPage\",\"@id\":\"https:\/\/www.taybah.tn\/eventsslug\/journee-de-levacuation-en-tunisie\/\",\"url\":\"https:\/\/www.taybah.tn\/eventsslug\/journee-de-levacuation-en-tunisie\/\",\"name\":\"Journ\u00e9e de l'\u00e9vacuation en Tunisie - TAYBAH\",\"isPartOf\":{\"@id\":\"https:\/\/www.taybah.tn\/#website\"},\"primaryImageOfPage\":{\"@id\":\"https:\/\/www.taybah.tn\/eventsslug\/journee-de-levacuation-en-tunisie\/#primaryimage\"},\"image\":{\"@id\":\"https:\/\/www.taybah.tn\/eventsslug\/journee-de-levacuation-en-tunisie\/#primaryimage\"},\"thumbnailUrl\":\"https:\/\/www.taybah.tn\/wp-content\/uploads\/2024\/01\/j-evacuation-en-tunisie-2.jpg\",\"datePublished\":\"2024-01-03T15:42:14+00:00\",\"dateModified\":\"2024-02-06T13:26:34+00:00\",\"breadcrumb\":{\"@id\":\"https:\/\/www.taybah.tn\/eventsslug\/journee-de-levacuation-en-tunisie\/#breadcrumb\"},\"inLanguage\":\"ar\",\"potentialAction\":[{\"@type\":\"ReadAction\",\"target\":[\"https:\/\/www.taybah.tn\/eventsslug\/journee-de-levacuation-en-tunisie\/\"]}]},{\"@type\":\"ImageObject\",\"inLanguage\":\"ar\",\"@id\":\"https:\/\/www.taybah.tn\/eventsslug\/journee-de-levacuation-en-tunisie\/#primaryimage\",\"url\":\"https:\/\/www.taybah.tn\/wp-content\/uploads\/2024\/01\/j-evacuation-en-tunisie-2.jpg\",\"contentUrl\":\"https:\/\/www.taybah.tn\/wp-content\/uploads\/2024\/01\/j-evacuation-en-tunisie-2.jpg\",\"width\":947,\"height\":706},{\"@type\":\"BreadcrumbList\",\"@id\":\"https:\/\/www.taybah.tn\/eventsslug\/journee-de-levacuation-en-tunisie\/#breadcrumb\",\"itemListElement\":[{\"@type\":\"ListItem\",\"position\":1,\"name\":\"Accueil\",\"item\":\"https:\/\/www.taybah.tn\/\"},{\"@type\":\"ListItem\",\"position\":2,\"name\":\"Journ\u00e9e de l&rsquo;\u00e9vacuation en Tunisie\"}]},{\"@type\":\"WebSite\",\"@id\":\"https:\/\/www.taybah.tn\/#website\",\"url\":\"https:\/\/www.taybah.tn\/\",\"name\":\"TAYBAH\",\"description\":\"TAYBAH Education Group - \u00c9tablissement scolaire priv\u00e9 \u00e0 La Marsa, Tunis, Tunisie\",\"publisher\":{\"@id\":\"https:\/\/www.taybah.tn\/#organization\"},\"potentialAction\":[{\"@type\":\"SearchAction\",\"target\":{\"@type\":\"EntryPoint\",\"urlTemplate\":\"https:\/\/www.taybah.tn\/?s={search_term_string}\"},\"query-input\":{\"@type\":\"PropertyValueSpecification\",\"valueRequired\":true,\"valueName\":\"search_term_string\"}}],\"inLanguage\":\"ar\"},{\"@type\":\"Organization\",\"@id\":\"https:\/\/www.taybah.tn\/#organization\",\"name\":\"TAYBAH\",\"url\":\"https:\/\/www.taybah.tn\/\",\"logo\":{\"@type\":\"ImageObject\",\"inLanguage\":\"ar\",\"@id\":\"https:\/\/www.taybah.tn\/#\/schema\/logo\/image\/\",\"url\":\"https:\/\/www.taybah.tn\/wp-content\/uploads\/2025\/05\/logo-TYb-for-site.png\",\"contentUrl\":\"https:\/\/www.taybah.tn\/wp-content\/uploads\/2025\/05\/logo-TYb-for-site.png\",\"width\":287,\"height\":300,\"caption\":\"TAYBAH\"},\"image\":{\"@id\":\"https:\/\/www.taybah.tn\/#\/schema\/logo\/image\/\"}}]}<\/script>\n<!-- \/ Yoast SEO plugin. -->","yoast_head_json":{"title":"Journ\u00e9e de l'\u00e9vacuation en Tunisie - TAYBAH","robots":{"index":"index","follow":"follow","max-snippet":"max-snippet:-1","max-image-preview":"max-image-preview:large","max-video-preview":"max-video-preview:-1"},"canonical":"https:\/\/www.taybah.tn\/ar\/eventsslug\/\u064a\u0648\u0645-\u0627\u0644\u062c\u0644\u0627\u0621-\u0641\u064a-\u062a\u0648\u0646\u0633\/","og_locale":"ar_AR","og_type":"article","og_title":"Journ\u00e9e de l'\u00e9vacuation en Tunisie - TAYBAH","og_description":"Cette journ\u00e9e marque des \u00e9v\u00e9nements historiques li\u00e9s \u00e0 l'\u00e9vacuation du dernier soldat fran\u00e7ais de la Tunisie ...","og_url":"https:\/\/www.taybah.tn\/ar\/eventsslug\/\u064a\u0648\u0645-\u0627\u0644\u062c\u0644\u0627\u0621-\u0641\u064a-\u062a\u0648\u0646\u0633\/","og_site_name":"TAYBAH","article_modified_time":"2024-02-06T13:26:34+00:00","og_image":[{"width":947,"height":706,"url":"https:\/\/www.taybah.tn\/wp-content\/uploads\/2024\/01\/j-evacuation-en-tunisie-2.jpg","type":"image\/jpeg"}],"twitter_card":"summary_large_image","schema":{"@context":"https:\/\/schema.org","@graph":[{"@type":"WebPage","@id":"https:\/\/www.taybah.tn\/eventsslug\/journee-de-levacuation-en-tunisie\/","url":"https:\/\/www.taybah.tn\/eventsslug\/journee-de-levacuation-en-tunisie\/","name":"Journ\u00e9e de l'\u00e9vacuation en Tunisie - TAYBAH","isPartOf":{"@id":"https:\/\/www.taybah.tn\/#website"},"primaryImageOfPage":{"@id":"https:\/\/www.taybah.tn\/eventsslug\/journee-de-levacuation-en-tunisie\/#primaryimage"},"image":{"@id":"https:\/\/www.taybah.tn\/eventsslug\/journee-de-levacuation-en-tunisie\/#primaryimage"},"thumbnailUrl":"https:\/\/www.taybah.tn\/wp-content\/uploads\/2024\/01\/j-evacuation-en-tunisie-2.jpg","datePublished":"2024-01-03T15:42:14+00:00","dateModified":"2024-02-06T13:26:34+00:00","breadcrumb":{"@id":"https:\/\/www.taybah.tn\/eventsslug\/journee-de-levacuation-en-tunisie\/#breadcrumb"},"inLanguage":"ar","potentialAction":[{"@type":"ReadAction","target":["https:\/\/www.taybah.tn\/eventsslug\/journee-de-levacuation-en-tunisie\/"]}]},{"@type":"ImageObject","inLanguage":"ar","@id":"https:\/\/www.taybah.tn\/eventsslug\/journee-de-levacuation-en-tunisie\/#primaryimage","url":"https:\/\/www.taybah.tn\/wp-content\/uploads\/2024\/01\/j-evacuation-en-tunisie-2.jpg","contentUrl":"https:\/\/www.taybah.tn\/wp-content\/uploads\/2024\/01\/j-evacuation-en-tunisie-2.jpg","width":947,"height":706},{"@type":"BreadcrumbList","@id":"https:\/\/www.taybah.tn\/eventsslug\/journee-de-levacuation-en-tunisie\/#breadcrumb","itemListElement":[{"@type":"ListItem","position":1,"name":"Accueil","item":"https:\/\/www.taybah.tn\/"},{"@type":"ListItem","position":2,"name":"Journ\u00e9e de l&rsquo;\u00e9vacuation en Tunisie"}]},{"@type":"WebSite","@id":"https:\/\/www.taybah.tn\/#website","url":"https:\/\/www.taybah.tn\/","name":"TAYBAH","description":"TAYBAH Education Group - \u00c9tablissement scolaire priv\u00e9 \u00e0 La Marsa, Tunis, Tunisie","publisher":{"@id":"https:\/\/www.taybah.tn\/#organization"},"potentialAction":[{"@type":"SearchAction","target":{"@type":"EntryPoint","urlTemplate":"https:\/\/www.taybah.tn\/?s={search_term_string}"},"query-input":{"@type":"PropertyValueSpecification","valueRequired":true,"valueName":"search_term_string"}}],"inLanguage":"ar"},{"@type":"Organization","@id":"https:\/\/www.taybah.tn\/#organization","name":"TAYBAH","url":"https:\/\/www.taybah.tn\/","logo":{"@type":"ImageObject","inLanguage":"ar","@id":"https:\/\/www.taybah.tn\/#\/schema\/logo\/image\/","url":"https:\/\/www.taybah.tn\/wp-content\/uploads\/2025\/05\/logo-TYb-for-site.png","contentUrl":"https:\/\/www.taybah.tn\/wp-content\/uploads\/2025\/05\/logo-TYb-for-site.png","width":287,"height":300,"caption":"TAYBAH"},"image":{"@id":"https:\/\/www.taybah.tn\/#\/schema\/logo\/image\/"}}]}},"_links":{"self":[{"href":"https:\/\/www.taybah.tn\/ar\/wp-json\/wp\/v2\/events\/3787","targetHints":{"allow":["GET"]}}],"collection":[{"href":"https:\/\/www.taybah.tn\/ar\/wp-json\/wp\/v2\/events"}],"about":[{"href":"https:\/\/www.taybah.tn\/ar\/wp-json\/wp\/v2\/types\/events"}],"wp:featuredmedia":[{"embeddable":true,"href":"https:\/\/www.taybah.tn\/ar\/wp-json\/wp\/v2\/media\/4135"}],"wp:attachment":[{"href":"https:\/\/www.taybah.tn\/ar\/wp-json\/wp\/v2\/media?parent=3787"}],"wp:term":[{"taxonomy":"eventsslug","embeddable":true,"href":"https:\/\/www.taybah.tn\/ar\/wp-json\/wp\/v2\/eventsslug?post=3787"}],"curies":[{"name":"wp","href":"https:\/\/api.w.org\/{rel}","templated":true}]}}

https://www.taybah.tn/ar/eventsslug/يوم-الجلاء-في-تونس/

عيد الجلاء في تونس

<p>Cette journée marque des événements historiques liés à l&#8217;évacuation du dernier soldat français de la Tunisie &#8230;</p>

<!-- This site is optimized with the Yoast SEO plugin v26.9 - https://yoast.com/product/yoast-seo-wordpress/ -->
<title>Journée de l&#039;évacuation en Tunisie - TAYBAH</title>
<meta name="robots" content="index, follow, max-snippet:-1, max-image-preview:large, max-video-preview:-1" />
<link rel="canonical" href="https://www.taybah.tn/ar/eventsslug/يوم-الجلاء-في-تونس/" />
<meta property="og:locale" content="ar_AR" />
<meta property="og:type" content="article" />
<meta property="og:title" content="Journée de l&#039;évacuation en Tunisie - TAYBAH" />
<meta property="og:description" content="Cette journée marque des événements historiques liés à l&#039;évacuation du dernier soldat français de la Tunisie ..." />
<meta property="og:url" content="https://www.taybah.tn/ar/eventsslug/يوم-الجلاء-في-تونس/" />
<meta property="og:site_name" content="TAYBAH" />
<meta property="article:modified_time" content="2024-02-06T13:26:34+00:00" />
<meta property="og:image" content="https://www.taybah.tn/wp-content/uploads/2024/01/j-evacuation-en-tunisie-2.jpg" />
	<meta property="og:image:width" content="947" />
	<meta property="og:image:height" content="706" />
	<meta property="og:image:type" content="image/jpeg" />
<meta name="twitter:card" content="summary_large_image" />
<script type="application/ld+json" class="yoast-schema-graph">{"@context":"https://schema.org","@graph":[{"@type":"WebPage","@id":"https://www.taybah.tn/eventsslug/journee-de-levacuation-en-tunisie/","url":"https://www.taybah.tn/eventsslug/journee-de-levacuation-en-tunisie/","name":"Journée de l'évacuation en Tunisie - TAYBAH","isPartOf":{"@id":"https://www.taybah.tn/#website"},"primaryImageOfPage":{"@id":"https://www.taybah.tn/eventsslug/journee-de-levacuation-en-tunisie/#primaryimage"},"image":{"@id":"https://www.taybah.tn/eventsslug/journee-de-levacuation-en-tunisie/#primaryimage"},"thumbnailUrl":"https://www.taybah.tn/wp-content/uploads/2024/01/j-evacuation-en-tunisie-2.jpg","datePublished":"2024-01-03T15:42:14+00:00","dateModified":"2024-02-06T13:26:34+00:00","breadcrumb":{"@id":"https://www.taybah.tn/eventsslug/journee-de-levacuation-en-tunisie/#breadcrumb"},"inLanguage":"ar","potentialAction":[{"@type":"ReadAction","target":["https://www.taybah.tn/eventsslug/journee-de-levacuation-en-tunisie/"]}]},{"@type":"ImageObject","inLanguage":"ar","@id":"https://www.taybah.tn/eventsslug/journee-de-levacuation-en-tunisie/#primaryimage","url":"https://www.taybah.tn/wp-content/uploads/2024/01/j-evacuation-en-tunisie-2.jpg","contentUrl":"https://www.taybah.tn/wp-content/uploads/2024/01/j-evacuation-en-tunisie-2.jpg","width":947,"height":706},{"@type":"BreadcrumbList","@id":"https://www.taybah.tn/eventsslug/journee-de-levacuation-en-tunisie/#breadcrumb","itemListElement":[{"@type":"ListItem","position":1,"name":"Accueil","item":"https://www.taybah.tn/"},{"@type":"ListItem","position":2,"name":"Journée de l&rsquo;évacuation en Tunisie"}]},{"@type":"WebSite","@id":"https://www.taybah.tn/#website","url":"https://www.taybah.tn/","name":"TAYBAH","description":"TAYBAH Education Group - Établissement scolaire privé à La Marsa, Tunis, Tunisie","publisher":{"@id":"https://www.taybah.tn/#organization"},"potentialAction":[{"@type":"SearchAction","target":{"@type":"EntryPoint","urlTemplate":"https://www.taybah.tn/?s={search_term_string}"},"query-input":{"@type":"PropertyValueSpecification","valueRequired":true,"valueName":"search_term_string"}}],"inLanguage":"ar"},{"@type":"Organization","@id":"https://www.taybah.tn/#organization","name":"TAYBAH","url":"https://www.taybah.tn/","logo":{"@type":"ImageObject","inLanguage":"ar","@id":"https://www.taybah.tn/#/schema/logo/image/","url":"https://www.taybah.tn/wp-content/uploads/2025/05/logo-TYb-for-site.png","contentUrl":"https://www.taybah.tn/wp-content/uploads/2025/05/logo-TYb-for-site.png","width":287,"height":300,"caption":"TAYBAH"},"image":{"@id":"https://www.taybah.tn/#/schema/logo/image/"}}]}</script>
<!-- / Yoast SEO plugin. -->

Journée de l'évacuation en Tunisie - TAYBAH

Cette journée marque des événements historiques liés à l'évacuation du dernier soldat français de la Tunisie ...

Journée de l&rsquo;évacuation en Tunisie

TAYBAH Education Group - Établissement scolaire privé à La Marsa, Tunis, Tunisie
