{"id":3772,"date":"2024-01-03T15:35:38","date_gmt":"2024-01-03T14:35:38","guid":{"rendered":"https:\/\/taybahdev.digit-dev.com\/?post_type=events&#038;p=3772"},"modified":"2024-02-06T14:26:44","modified_gmt":"2024-02-06T13:26:44","slug":"journee-mondiale-de-la-solidarite-avec-le-peuple-palestinien","status":"publish","type":"events","link":"https:\/\/www.taybah.tn\/ar\/eventsslug\/\u0627\u0644\u064a\u0648\u0645-\u0627\u0644\u0639\u0627\u0644\u0645\u064a-\u0644\u0644\u062a\u0636\u0627\u0645\u0646-\u0645\u0639-\u0627\u0644\u0634\u0639\u0628-\u0627\u0644\u0641\u0644\u0633\u0637\/","title":{"rendered":"\u0627\u0644\u064a\u0648\u0645 \u0627\u0644\u0639\u0627\u0644\u0645\u064a \u0644\u0644\u062a\u0636\u0627\u0645\u0646 \u0645\u0639 \u0627\u0644\u0634\u0639\u0628 \u0627\u0644\u0641\u0644\u0633\u0637\u064a\u0646\u064a"},"content":{"rendered":"","protected":false},"excerpt":{"rendered":"<p>Cette journ\u00e9e est consacr\u00e9e \u00e0 sensibiliser aux d\u00e9fis et aux droits du peuple palestinien &#8230;<\/p>","protected":false},"featured_media":3775,"parent":0,"template":"","eventsslug":[],"class_list":["post-3772","events","type-events","status-publish","has-post-thumbnail","hentry"],"yoast_head":"<!-- This site is optimized with the Yoast SEO plugin v26.9 - https:\/\/yoast.com\/product\/yoast-seo-wordpress\/ -->\n<title>Journ\u00e9e mondiale de la solidarit\u00e9 avec le peuple palestinien - TAYBAH<\/title>\n<meta name=\"robots\" content=\"index, follow, max-snippet:-1, max-image-preview:large, max-video-preview:-1\" \/>\n<link rel=\"canonical\" href=\"https:\/\/www.taybah.tn\/ar\/eventsslug\/\u0627\u0644\u064a\u0648\u0645-\u0627\u0644\u0639\u0627\u0644\u0645\u064a-\u0644\u0644\u062a\u0636\u0627\u0645\u0646-\u0645\u0639-\u0627\u0644\u0634\u0639\u0628-\u0627\u0644\u0641\u0644\u0633\u0637\/\" \/>\n<meta property=\"og:locale\" content=\"ar_AR\" \/>\n<meta property=\"og:type\" content=\"article\" \/>\n<meta property=\"og:title\" content=\"Journ\u00e9e mondiale de la solidarit\u00e9 avec le peuple palestinien - TAYBAH\" \/>\n<meta property=\"og:description\" content=\"Cette journ\u00e9e est consacr\u00e9e \u00e0 sensibiliser aux d\u00e9fis et aux droits du peuple palestinien ...\" \/>\n<meta property=\"og:url\" content=\"https:\/\/www.taybah.tn\/ar\/eventsslug\/\u0627\u0644\u064a\u0648\u0645-\u0627\u0644\u0639\u0627\u0644\u0645\u064a-\u0644\u0644\u062a\u0636\u0627\u0645\u0646-\u0645\u0639-\u0627\u0644\u0634\u0639\u0628-\u0627\u0644\u0641\u0644\u0633\u0637\/\" \/>\n<meta property=\"og:site_name\" content=\"TAYBAH\" \/>\n<meta property=\"article:modified_time\" content=\"2024-02-06T13:26:44+00:00\" \/>\n<meta property=\"og:image\" content=\"https:\/\/www.taybah.tn\/wp-content\/uploads\/2024\/01\/j-plas1-scaled.jpg\" \/>\n\t<meta property=\"og:image:width\" content=\"2560\" \/>\n\t<meta property=\"og:image:height\" content=\"1707\" \/>\n\t<meta property=\"og:image:type\" content=\"image\/jpeg\" \/>\n<meta name=\"twitter:card\" content=\"summary_large_image\" \/>\n<script type=\"application\/ld+json\" class=\"yoast-schema-graph\">{\"@context\":\"https:\/\/schema.org\",\"@graph\":[{\"@type\":\"WebPage\",\"@id\":\"https:\/\/www.taybah.tn\/eventsslug\/journee-mondiale-de-la-solidarite-avec-le-peuple-palestinien\/\",\"url\":\"https:\/\/www.taybah.tn\/eventsslug\/journee-mondiale-de-la-solidarite-avec-le-peuple-palestinien\/\",\"name\":\"Journ\u00e9e mondiale de la solidarit\u00e9 avec le peuple palestinien - TAYBAH\",\"isPartOf\":{\"@id\":\"https:\/\/www.taybah.tn\/#website\"},\"primaryImageOfPage\":{\"@id\":\"https:\/\/www.taybah.tn\/eventsslug\/journee-mondiale-de-la-solidarite-avec-le-peuple-palestinien\/#primaryimage\"},\"image\":{\"@id\":\"https:\/\/www.taybah.tn\/eventsslug\/journee-mondiale-de-la-solidarite-avec-le-peuple-palestinien\/#primaryimage\"},\"thumbnailUrl\":\"https:\/\/www.taybah.tn\/wp-content\/uploads\/2024\/01\/j-plas1-scaled.jpg\",\"datePublished\":\"2024-01-03T14:35:38+00:00\",\"dateModified\":\"2024-02-06T13:26:44+00:00\",\"breadcrumb\":{\"@id\":\"https:\/\/www.taybah.tn\/eventsslug\/journee-mondiale-de-la-solidarite-avec-le-peuple-palestinien\/#breadcrumb\"},\"inLanguage\":\"ar\",\"potentialAction\":[{\"@type\":\"ReadAction\",\"target\":[\"https:\/\/www.taybah.tn\/eventsslug\/journee-mondiale-de-la-solidarite-avec-le-peuple-palestinien\/\"]}]},{\"@type\":\"ImageObject\",\"inLanguage\":\"ar\",\"@id\":\"https:\/\/www.taybah.tn\/eventsslug\/journee-mondiale-de-la-solidarite-avec-le-peuple-palestinien\/#primaryimage\",\"url\":\"https:\/\/www.taybah.tn\/wp-content\/uploads\/2024\/01\/j-plas1-scaled.jpg\",\"contentUrl\":\"https:\/\/www.taybah.tn\/wp-content\/uploads\/2024\/01\/j-plas1-scaled.jpg\",\"width\":2560,\"height\":1707},{\"@type\":\"BreadcrumbList\",\"@id\":\"https:\/\/www.taybah.tn\/eventsslug\/journee-mondiale-de-la-solidarite-avec-le-peuple-palestinien\/#breadcrumb\",\"itemListElement\":[{\"@type\":\"ListItem\",\"position\":1,\"name\":\"Accueil\",\"item\":\"https:\/\/www.taybah.tn\/\"},{\"@type\":\"ListItem\",\"position\":2,\"name\":\"Journ\u00e9e mondiale de la solidarit\u00e9 avec le peuple palestinien\"}]},{\"@type\":\"WebSite\",\"@id\":\"https:\/\/www.taybah.tn\/#website\",\"url\":\"https:\/\/www.taybah.tn\/\",\"name\":\"TAYBAH\",\"description\":\"TAYBAH Education Group - \u00c9tablissement scolaire priv\u00e9 \u00e0 La Marsa, Tunis, Tunisie\",\"publisher\":{\"@id\":\"https:\/\/www.taybah.tn\/#organization\"},\"potentialAction\":[{\"@type\":\"SearchAction\",\"target\":{\"@type\":\"EntryPoint\",\"urlTemplate\":\"https:\/\/www.taybah.tn\/?s={search_term_string}\"},\"query-input\":{\"@type\":\"PropertyValueSpecification\",\"valueRequired\":true,\"valueName\":\"search_term_string\"}}],\"inLanguage\":\"ar\"},{\"@type\":\"Organization\",\"@id\":\"https:\/\/www.taybah.tn\/#organization\",\"name\":\"TAYBAH\",\"url\":\"https:\/\/www.taybah.tn\/\",\"logo\":{\"@type\":\"ImageObject\",\"inLanguage\":\"ar\",\"@id\":\"https:\/\/www.taybah.tn\/#\/schema\/logo\/image\/\",\"url\":\"https:\/\/www.taybah.tn\/wp-content\/uploads\/2025\/05\/logo-TYb-for-site.png\",\"contentUrl\":\"https:\/\/www.taybah.tn\/wp-content\/uploads\/2025\/05\/logo-TYb-for-site.png\",\"width\":287,\"height\":300,\"caption\":\"TAYBAH\"},\"image\":{\"@id\":\"https:\/\/www.taybah.tn\/#\/schema\/logo\/image\/\"}}]}<\/script>\n<!-- \/ Yoast SEO plugin. -->","yoast_head_json":{"title":"Journ\u00e9e mondiale de la solidarit\u00e9 avec le peuple palestinien - TAYBAH","robots":{"index":"index","follow":"follow","max-snippet":"max-snippet:-1","max-image-preview":"max-image-preview:large","max-video-preview":"max-video-preview:-1"},"canonical":"https:\/\/www.taybah.tn\/ar\/eventsslug\/\u0627\u0644\u064a\u0648\u0645-\u0627\u0644\u0639\u0627\u0644\u0645\u064a-\u0644\u0644\u062a\u0636\u0627\u0645\u0646-\u0645\u0639-\u0627\u0644\u0634\u0639\u0628-\u0627\u0644\u0641\u0644\u0633\u0637\/","og_locale":"ar_AR","og_type":"article","og_title":"Journ\u00e9e mondiale de la solidarit\u00e9 avec le peuple palestinien - TAYBAH","og_description":"Cette journ\u00e9e est consacr\u00e9e \u00e0 sensibiliser aux d\u00e9fis et aux droits du peuple palestinien ...","og_url":"https:\/\/www.taybah.tn\/ar\/eventsslug\/\u0627\u0644\u064a\u0648\u0645-\u0627\u0644\u0639\u0627\u0644\u0645\u064a-\u0644\u0644\u062a\u0636\u0627\u0645\u0646-\u0645\u0639-\u0627\u0644\u0634\u0639\u0628-\u0627\u0644\u0641\u0644\u0633\u0637\/","og_site_name":"TAYBAH","article_modified_time":"2024-02-06T13:26:44+00:00","og_image":[{"width":2560,"height":1707,"url":"https:\/\/www.taybah.tn\/wp-content\/uploads\/2024\/01\/j-plas1-scaled.jpg","type":"image\/jpeg"}],"twitter_card":"summary_large_image","schema":{"@context":"https:\/\/schema.org","@graph":[{"@type":"WebPage","@id":"https:\/\/www.taybah.tn\/eventsslug\/journee-mondiale-de-la-solidarite-avec-le-peuple-palestinien\/","url":"https:\/\/www.taybah.tn\/eventsslug\/journee-mondiale-de-la-solidarite-avec-le-peuple-palestinien\/","name":"Journ\u00e9e mondiale de la solidarit\u00e9 avec le peuple palestinien - TAYBAH","isPartOf":{"@id":"https:\/\/www.taybah.tn\/#website"},"primaryImageOfPage":{"@id":"https:\/\/www.taybah.tn\/eventsslug\/journee-mondiale-de-la-solidarite-avec-le-peuple-palestinien\/#primaryimage"},"image":{"@id":"https:\/\/www.taybah.tn\/eventsslug\/journee-mondiale-de-la-solidarite-avec-le-peuple-palestinien\/#primaryimage"},"thumbnailUrl":"https:\/\/www.taybah.tn\/wp-content\/uploads\/2024\/01\/j-plas1-scaled.jpg","datePublished":"2024-01-03T14:35:38+00:00","dateModified":"2024-02-06T13:26:44+00:00","breadcrumb":{"@id":"https:\/\/www.taybah.tn\/eventsslug\/journee-mondiale-de-la-solidarite-avec-le-peuple-palestinien\/#breadcrumb"},"inLanguage":"ar","potentialAction":[{"@type":"ReadAction","target":["https:\/\/www.taybah.tn\/eventsslug\/journee-mondiale-de-la-solidarite-avec-le-peuple-palestinien\/"]}]},{"@type":"ImageObject","inLanguage":"ar","@id":"https:\/\/www.taybah.tn\/eventsslug\/journee-mondiale-de-la-solidarite-avec-le-peuple-palestinien\/#primaryimage","url":"https:\/\/www.taybah.tn\/wp-content\/uploads\/2024\/01\/j-plas1-scaled.jpg","contentUrl":"https:\/\/www.taybah.tn\/wp-content\/uploads\/2024\/01\/j-plas1-scaled.jpg","width":2560,"height":1707},{"@type":"BreadcrumbList","@id":"https:\/\/www.taybah.tn\/eventsslug\/journee-mondiale-de-la-solidarite-avec-le-peuple-palestinien\/#breadcrumb","itemListElement":[{"@type":"ListItem","position":1,"name":"Accueil","item":"https:\/\/www.taybah.tn\/"},{"@type":"ListItem","position":2,"name":"Journ\u00e9e mondiale de la solidarit\u00e9 avec le peuple palestinien"}]},{"@type":"WebSite","@id":"https:\/\/www.taybah.tn\/#website","url":"https:\/\/www.taybah.tn\/","name":"TAYBAH","description":"TAYBAH Education Group - \u00c9tablissement scolaire priv\u00e9 \u00e0 La Marsa, Tunis, Tunisie","publisher":{"@id":"https:\/\/www.taybah.tn\/#organization"},"potentialAction":[{"@type":"SearchAction","target":{"@type":"EntryPoint","urlTemplate":"https:\/\/www.taybah.tn\/?s={search_term_string}"},"query-input":{"@type":"PropertyValueSpecification","valueRequired":true,"valueName":"search_term_string"}}],"inLanguage":"ar"},{"@type":"Organization","@id":"https:\/\/www.taybah.tn\/#organization","name":"TAYBAH","url":"https:\/\/www.taybah.tn\/","logo":{"@type":"ImageObject","inLanguage":"ar","@id":"https:\/\/www.taybah.tn\/#\/schema\/logo\/image\/","url":"https:\/\/www.taybah.tn\/wp-content\/uploads\/2025\/05\/logo-TYb-for-site.png","contentUrl":"https:\/\/www.taybah.tn\/wp-content\/uploads\/2025\/05\/logo-TYb-for-site.png","width":287,"height":300,"caption":"TAYBAH"},"image":{"@id":"https:\/\/www.taybah.tn\/#\/schema\/logo\/image\/"}}]}},"_links":{"self":[{"href":"https:\/\/www.taybah.tn\/ar\/wp-json\/wp\/v2\/events\/3772","targetHints":{"allow":["GET"]}}],"collection":[{"href":"https:\/\/www.taybah.tn\/ar\/wp-json\/wp\/v2\/events"}],"about":[{"href":"https:\/\/www.taybah.tn\/ar\/wp-json\/wp\/v2\/types\/events"}],"wp:featuredmedia":[{"embeddable":true,"href":"https:\/\/www.taybah.tn\/ar\/wp-json\/wp\/v2\/media\/3775"}],"wp:attachment":[{"href":"https:\/\/www.taybah.tn\/ar\/wp-json\/wp\/v2\/media?parent=3772"}],"wp:term":[{"taxonomy":"eventsslug","embeddable":true,"href":"https:\/\/www.taybah.tn\/ar\/wp-json\/wp\/v2\/eventsslug?post=3772"}],"curies":[{"name":"wp","href":"https:\/\/api.w.org\/{rel}","templated":true}]}}

https://www.taybah.tn/ar/eventsslug/اليوم-العالمي-للتضامن-مع-الشعب-الفلسط/

اليوم العالمي للتضامن مع الشعب الفلسطيني

<p>Cette journée est consacrée à sensibiliser aux défis et aux droits du peuple palestinien &#8230;</p>

<!-- This site is optimized with the Yoast SEO plugin v26.9 - https://yoast.com/product/yoast-seo-wordpress/ -->
<title>Journée mondiale de la solidarité avec le peuple palestinien - TAYBAH</title>
<meta name="robots" content="index, follow, max-snippet:-1, max-image-preview:large, max-video-preview:-1" />
<link rel="canonical" href="https://www.taybah.tn/ar/eventsslug/اليوم-العالمي-للتضامن-مع-الشعب-الفلسط/" />
<meta property="og:locale" content="ar_AR" />
<meta property="og:type" content="article" />
<meta property="og:title" content="Journée mondiale de la solidarité avec le peuple palestinien - TAYBAH" />
<meta property="og:description" content="Cette journée est consacrée à sensibiliser aux défis et aux droits du peuple palestinien ..." />
<meta property="og:url" content="https://www.taybah.tn/ar/eventsslug/اليوم-العالمي-للتضامن-مع-الشعب-الفلسط/" />
<meta property="og:site_name" content="TAYBAH" />
<meta property="article:modified_time" content="2024-02-06T13:26:44+00:00" />
<meta property="og:image" content="https://www.taybah.tn/wp-content/uploads/2024/01/j-plas1-scaled.jpg" />
	<meta property="og:image:width" content="2560" />
	<meta property="og:image:height" content="1707" />
	<meta property="og:image:type" content="image/jpeg" />
<meta name="twitter:card" content="summary_large_image" />
<script type="application/ld+json" class="yoast-schema-graph">{"@context":"https://schema.org","@graph":[{"@type":"WebPage","@id":"https://www.taybah.tn/eventsslug/journee-mondiale-de-la-solidarite-avec-le-peuple-palestinien/","url":"https://www.taybah.tn/eventsslug/journee-mondiale-de-la-solidarite-avec-le-peuple-palestinien/","name":"Journée mondiale de la solidarité avec le peuple palestinien - TAYBAH","isPartOf":{"@id":"https://www.taybah.tn/#website"},"primaryImageOfPage":{"@id":"https://www.taybah.tn/eventsslug/journee-mondiale-de-la-solidarite-avec-le-peuple-palestinien/#primaryimage"},"image":{"@id":"https://www.taybah.tn/eventsslug/journee-mondiale-de-la-solidarite-avec-le-peuple-palestinien/#primaryimage"},"thumbnailUrl":"https://www.taybah.tn/wp-content/uploads/2024/01/j-plas1-scaled.jpg","datePublished":"2024-01-03T14:35:38+00:00","dateModified":"2024-02-06T13:26:44+00:00","breadcrumb":{"@id":"https://www.taybah.tn/eventsslug/journee-mondiale-de-la-solidarite-avec-le-peuple-palestinien/#breadcrumb"},"inLanguage":"ar","potentialAction":[{"@type":"ReadAction","target":["https://www.taybah.tn/eventsslug/journee-mondiale-de-la-solidarite-avec-le-peuple-palestinien/"]}]},{"@type":"ImageObject","inLanguage":"ar","@id":"https://www.taybah.tn/eventsslug/journee-mondiale-de-la-solidarite-avec-le-peuple-palestinien/#primaryimage","url":"https://www.taybah.tn/wp-content/uploads/2024/01/j-plas1-scaled.jpg","contentUrl":"https://www.taybah.tn/wp-content/uploads/2024/01/j-plas1-scaled.jpg","width":2560,"height":1707},{"@type":"BreadcrumbList","@id":"https://www.taybah.tn/eventsslug/journee-mondiale-de-la-solidarite-avec-le-peuple-palestinien/#breadcrumb","itemListElement":[{"@type":"ListItem","position":1,"name":"Accueil","item":"https://www.taybah.tn/"},{"@type":"ListItem","position":2,"name":"Journée mondiale de la solidarité avec le peuple palestinien"}]},{"@type":"WebSite","@id":"https://www.taybah.tn/#website","url":"https://www.taybah.tn/","name":"TAYBAH","description":"TAYBAH Education Group - Établissement scolaire privé à La Marsa, Tunis, Tunisie","publisher":{"@id":"https://www.taybah.tn/#organization"},"potentialAction":[{"@type":"SearchAction","target":{"@type":"EntryPoint","urlTemplate":"https://www.taybah.tn/?s={search_term_string}"},"query-input":{"@type":"PropertyValueSpecification","valueRequired":true,"valueName":"search_term_string"}}],"inLanguage":"ar"},{"@type":"Organization","@id":"https://www.taybah.tn/#organization","name":"TAYBAH","url":"https://www.taybah.tn/","logo":{"@type":"ImageObject","inLanguage":"ar","@id":"https://www.taybah.tn/#/schema/logo/image/","url":"https://www.taybah.tn/wp-content/uploads/2025/05/logo-TYb-for-site.png","contentUrl":"https://www.taybah.tn/wp-content/uploads/2025/05/logo-TYb-for-site.png","width":287,"height":300,"caption":"TAYBAH"},"image":{"@id":"https://www.taybah.tn/#/schema/logo/image/"}}]}</script>
<!-- / Yoast SEO plugin. -->

Journée mondiale de la solidarité avec le peuple palestinien - TAYBAH

Cette journée est consacrée à sensibiliser aux défis et aux droits du peuple palestinien ...

Journée mondiale de la solidarité avec le peuple palestinien

TAYBAH Education Group - Établissement scolaire privé à La Marsa, Tunis, Tunisie
